10))/((-4)/20). Let c(s) = -1 + 2*s + s**2 + 5*s + z*s. Is c(6) a prime number?
True
Let c(r) = -r**3 + r**2 - r - 177. Let i be c(0). Let f = -98 - i. Is f prime?
True
Let h(z) = 157*z**3 - 5*z**2 - 2*z - 1. Is h(3) a composite number?
True
Let v = 1690 + -724. Suppose 0*h = -6*h + v. Suppose 2*s - 2*c = -s + h, -2*s - 2*c = -114. Is s composite?
True
Let m be 3/(15/10) - -3. Let a(x) = 3*x - 11. Let c be a(m). Suppose c*u + 3*b + b - 56 = 0, 0 = 3*u + b - 52. Is u composite?
False
Let v be 1/(-3 - 64/(-20)). Suppose 3*l - 12 = -0*z + 3*z, -v*l + 16 = -4*z. Suppose l*i + 12 = -4*i, -b - i + 86 = 0. Is b a prime number?
True
Let u be 3 - (342 + 2/2). Let q be ((-12)/10)/(4/u). Suppose 0*x = 5*x + a - 172, 3*x - q = -a. Is x a composite number?
True
Suppose t + 2*p - 37 = 7*p, 2*t - 5*p = 54. Suppose g + 4*b - 12 = 6, t = -g + 3*b. Is g/3 - (-3585)/45 composite?
False
Let j = 4224 + -3017. Is j composite?
True
Let j = 111367 + -156213. Is j/(-14) - (-2)/(-7) composite?
False
Let o = -56439 + 93700. Is o a prime number?
False
Suppose 6*n = 4*n - 6. Let g = 3 + n. Suppose g*c + 191 = c. Is c prime?
True
Let p(k) be the third derivative of -7*k**5/20 + k**4/24 + k**3/3 + k**2. Let a(g) be the first derivative of p(g). Is a(-2) composite?
True
Is 22/(-209)*1 + (-3132990)/(-38) composite?
True
Suppose 2*c + 6 = 12. Suppose c*a + 116 - 2135 = 0. Is a a prime number?
True
Suppose -844 = -3*z + 1148. Suppose -4*u + 0*u = -z. Suppose 4*r + u = 6*r. Is r prime?
True
Let q = -3 - -9. Let v(w) = -2*w**2 + 83 - w**2 + q*w**2 - 2*w**2. Is v(0) a composite number?
False
Let k be -1 + 2/6 - 50/(-30). Is 4/(-16) + (k - (-21315)/12) prime?
True
Let o be 1 + -11 - (-4)/4. Let m = o + 13. Suppose 3*k - 35 = m. Is k composite?
False
Suppose 868 + 1509 = 3*i - 4*s, 5*i = 3*s + 3958. Suppose -i = -7*c + 490. Is c prime?
False
Let d(i) = 2*i**2 + 6*i - 7. Let y be d(5). Let s = y + 0. Let v = s + 16. Is v composite?
False
Let x = 7425 - 4864. Is x composite?
True
Let u(p) = 629*p**2 + 7*p - 33. Is u(-7) composite?
True
Is (706 - 59) + 1*(3 + -1) prime?
False
Let v(w) = 79*w**2 - 5*w + 23. Is v(17) composite?
False
Suppose 5*c + 12*c = 8381. Is c prime?
False
Let f be (-2)/10 - 637/(-35). Let x be (-43)/((-2 + -1)/f). Let r = x - 137. Is r a composite number?
True
Suppose 0 = -44*s + 40*s + 8644. Is s a composite number?
False
Let f(t) = t**3 + 13*t**2 - 112*t + 37. Is f(19) composite?
False
Let y(g) = -28051*g + 65. Is y(-2) a prime number?
True
Let p(b) = -b**2 + 6*b + 9. Let i be p(7). Suppose 0*t - 994 = -i*t. Is t a composite number?
True
Let c(k) = -4*k**3 - k**2 + k + 1. Let l be c(-1). Suppose -3*n + 1674 = 3*t, 554 = -n + 2*n - l*t. Is n a composite number?
False
Let n = 3287 - 2136. Is n composite?
False
Suppose q - 4*q + 6 = 0. Suppose -q*o = o - 18. Is ((-207)/o*-2)/1 composite?
True
Suppose -4*k = 3*p - 67259, p + 67254 = 4*k + 3*p. Is k composite?
False
Let l = 54 - 52. Suppose -5*q = -l*q - 5199. Is q a composite number?
False
Let b be ((-4)/(-3))/((-16)/(-72)). Let r be 3 - b - 0/(-1). Is (-2931)/r - (-1 + 1) a prime number?
True
Let j = -334 - -468. Suppose -j - 88 = -6*l. Is l a composite number?
False
Let z(g) = -2 + 0*g + 10*g + 9 - g**2 - 8. Let j be z(10). Is j/((2/(-67))/2) a composite number?
False
Let k(b) = 914*b**2 - 9*b + 3. Is k(2) prime?
False
Suppose -2*l = -2*f - f + 11708, 4 = -4*l. Is f a composite number?
True
Let h = 11123 - 16877. Is ((-20)/6)/(-5)*h/(-4) a prime number?
False
Suppose 2*k - 4*l - 58 = 0, 0 = -k + 5*l - 2*l + 33. Is 17994/8 - k/84 a prime number?
False
Is ((-2)/(-3))/((-40)/(-1212540)) prime?
False
Let h = -133452 + 199535. Is h prime?
True
Is 8/52 + (-5638)/(-26) a composite number?
True
Suppose 6*n - 2*n = 260. Let h = 731 - n. Let u = -257 + h. Is u composite?
False
Suppose -2*b = 2 - 140. Let o = b - 50. Is o prime?
True
Let s = 1292 + -763. Is s composite?
True
Let o be (35/(-10))/(2/4). Let c(u) = 29*u**2 + 7*u - 9. Is c(o) a composite number?
True
Suppose 6*s - 129 = -723. Let q = 182 + s. Is q a composite number?
False
Suppose 8*i = -13*i + 11571. Is i composite?
True
Let s be 2/7 + (-12)/42. Suppose -5*k + s*k + 545 = -i, -4*i + 88 = k. Let m = -55 + k. Is m composite?
False
Let k be 91*4/(-12)*-63. Suppose 7*n = 4*n + k. Let p = n - 446. Is p a composite number?
False
Let c be ((-48)/10)/((-2)/(-165)). Let w = 587 + c. Is w a prime number?
True
Suppose y - d - 2 = 0, -2*y + 0*y + d + 5 = 0. Suppose 3 + y = 3*l. Suppose -x = l*x - 141. Is x prime?
True
Suppose 2*x = -0*x - 4, 4 = -5*n - 2*x. Suppose n*o + 4*o = 764. Is o a prime number?
True
Suppose u + 2*o + 9 = 0, -3*o + 0*o + 18 = -2*u. Let c be ((-6246)/u)/((-2)/(-3)). Is 4/2*c/6 prime?
True
Let t = 1105 + -594. Let m = -300 + t. Is m composite?
False
Suppose -3*b + 73 + 890 = 0. Let v = b + -632. Let x = v + 802. Is x prime?
True
Let h(b) = -b**2 - 10*b + 14. Let m be h(-11). Suppose -4*f + m = -y, 3*f = y - 0*y - 1. Let q(w) = w**3 - 12*w**2 + 4*w - 4. Is q(y) a prime number?
False
Let r(q) = 93*q - 8. Let x be -1*(3 + 0) - -8. Is r(x) a composite number?
False
Let j(v) = -19*v**2 + 6*v - 12. Let i(h) = h**2. Let q(u) = -6*i(u) - j(u). Let z be q(6). Suppose 2*r - 236 = 5*w, -2*w + z = 4*r + 2*w. Is r composite?
False
Suppose -5*w = 5 + 5, 0 = -k + 2*w + 4612. Suppose 814 - k = -2*v. Is v a composite number?
True
Suppose 0*v + 5*v + 4*o - 2235 = 0, 3*v + 5*o - 1328 = 0. Let h = 766 + v. Is h prime?
True
Suppose 0*f - 5734 = -2*f + 5*a, 0 = 3*f + 2*a - 8563. Is f composite?
False
Is 33396/(16/4)*1 - -2 composite?
True
Suppose 5*z - 74 = 3*k + 17, 2*k = -4*z + 86. Suppose 2*p - z = -3*p. Let t(l) = 5*l**2 + 2*l + 3. Is t(p) composite?
True
Let p(n) = 41*n**2 - 15*n - 43. Is p(-7) a prime number?
False
Let w = -6910 + 11821. Is w composite?
True
Suppose 5*v + 48 = 4*n, 3*n + v = -0*v + 17. Suppose n*p = -0*p + 4907. Is p composite?
False
Let d = -3 + 5. Let z(v) = 9*v - d*v**2 - v**2 - 5*v**3 + 4*v**3 + 28 - 25. Is z(-8) composite?
False
Let p = 58042 - 34343. Is p a composite number?
True
Suppose 0 = -15*v + 10*v + 74755. Is v prime?
True
Let a be (-3)/2 - (-789)/(-6) - 4. Let f be ((-3)/2 + 1)*-644. Let p = f + a. Is p a prime number?
False
Suppose -5*o = -328 - 227. Let y = 14 + 38. Let k = o - y. Is k a prime number?
True
Let f(z) = -264*z - 1. Let h(p) = -p**2 + p - 6. Let a be h(0). Let x be (a/4)/(9/18). Is f(x) composite?
True
Suppose 0 = -3*v + 7*v - 8. Suppose 0*n = -v*n + 122. Suppose -5*i - 23 = -3*p + 75, -2*p - i + n = 0. Is p a prime number?
True
Suppose -3*v = 2*l - 5511, -4*v - 4*l + 5404 = -1948. Is v prime?
False
Is (-44801)/(-71) - 0/(-2) prime?
True
Suppose 28*d + 2*c + 4361 = 29*d, -c = -5*d + 21787. Is d a composite number?
False
Let r(i) = -409*i + 16. Let d be r(12). Let c = d - -7819. Is c composite?
False
Let v(w) be the first derivative of -2 + 17*w - 1/2*w**2. Is v(10) composite?
False
Let s = -99442 + 183275. Is s a prime number?
True
Let i = -121 + 127. Suppose -10779 = -i*s - 1521. Is s composite?
False
Suppose -2*k + z - 3030 = 0, -3*z = 3*k - 7*z + 4540. Is ((-8)/(-16))/((-2)/k) a composite number?
False
Suppose 5*i + 15 = 0, -4*u + 409 = -i - 2518. Suppose -5*m - u - 1504 = -4*w, -3*w - 894 = 2*m. Is ((-2)/(-6))/((-1)/m) composite?
False
Let o(x) = 16*x**2 + 3*x**2 + 3 + 0. Suppose h - 2*q + 14 = 0, -15 = 5*h - 3*q + 4*q. Is o(h) a composite number?
False
Suppose -2*z + 9908 = 1690. Is z a prime number?
False
Let z be (10/40)/(2/(-8)) + 3. Suppose 0 = -z*h + 419 + 111. Is h prime?
False
Let r = -31 - -24. Is r - -9 - 20/(-1) a composite number?
True
Suppose 0 = 2*t + 3*m - 145 - 182, -490 = -3*t - 4*m. Suppose 0*p = 4*z + p - 174, 4*z - 5*p - t = 0. Is z a composite number?
False
Suppose -g + 34 = 32. Suppose 0 = -3*d + 22 - 7, 3*f = -g*d + 301. Is f composite?
False
Let g(l) = l**2 - 8*l + 10. Let x = 22 - 13. Let q be g(x). Suppose -4*k + 185 = -q. Is k prime?
False
Is (4 + -6)/(20/(-409090)) composite?
True
Let r = 7114 + -603. Is r composite?
True
Let i(c) = 41*c**2 - 15*c + 69. Is i(13) a composite number?
False
Let a = -5 + 10. Suppose -2*k + 248 = 4*d, -a*d = -3*k - 200 - 99. Let b = d + 70. Is b a prime number?
True
Let k(i) = -37*i - 7. Let d(z) = 149*z + 27. Let w(r) = 2*d(r) + 9*k(r). Let b be w(-7). Let 